st the prime factors of u(3).
941
Let s(y) = y - 3. Let i be s(0). Let b(u) = 2*u**2 + 1. What are the prime factors of b(i)?
19
Let c(f) = -14*f + 5. Let l be c(-13). Let k = l + -108. What are the prime factors of k?
79
What are the prime factors of 844/(4*10/80)?
2, 211
Let z(k) be the second derivative of -5*k**3/3 - 8*k**2 - 7*k. List the prime factors of z(-19).
2, 3, 29
Suppose 20*x = 32*x - 25944. What are the prime factors of x?
2, 23, 47
Let y = -9 + -7. List the prime factors of y + 79 + -1 + 4.
2, 3, 11
Let z(x) = -x**3 - 2*x**2 + 3*x + 5. Let w = 98 - 104. List the prime factors of z(w).
131
Suppose -23*d + 70 = -9*d. Suppose -1466 + 515 = -3*y - 4*t, -1550 = -5*y + d*t. List the prime factors of y.
313
Suppose -c = c + 5*x + 36, 3*x = 3*c + 12. Let b = 18 + c. List the prime factors of b.
2, 5
Let z(g) be the third derivative of 23*g**5/30 - g**4/2 - g**3/3 - 31*g**2. What are the prime factors of z(-2)?
2, 103
Suppose -12*d + 38*d = 37232. List the prime factors of d.
2, 179
Let a(i) = -i**2 + 3*i + 2. Let b be a(0). Suppose 9*q - 392 = b*q. List the prime factors of q.
2, 7
Let t(g) = -2*g + 2 + 2*g - 5 + g. Suppose 2*q - 2*v + 6*v - 20 = 0, 16 = 2*q + 2*v. List the prime factors of t(q).
3
List the prime factors of (12 - 3)/((-6)/(-122)).
3, 61
Let z = -15 - -148. What are the prime factors of z?
7, 19
Suppose -6*k - k + 707 = 0. Suppose -3*d = 8 - 23. Suppose -2*g - 21 + k = d*u, -5*u + 85 = 3*g. What are the prime factors of u?
2, 7
Let s(q) = -2*q - 12. Let f be s(-7). Let r be 5/f*16/20. What are the prime factors of (-100)/(-8) - r/(-4)?
13
Let i = 1003 + -405. What are the prime factors of i?
2, 13, 23
Suppose -3*d - d = -3*p - 16, 23 = d + 4*p. Let c(l) = l**2 - 8*l + 5. Let x be c(d). Let b = 22 + x. What are the prime factors of b?
2, 5
Suppose 0 = -z + 5*k - 4*k + 67, -2*z - k + 140 = 0. Suppose -a = 2*i - 0*a - z, -4*a + 101 = 3*i. List the prime factors of i.
5, 7
Let v(y) = -y**2 + 7*y + 33. Let c be v(0). Suppose 0 = c*r - 35*r + 300. List the prime factors of r.
2, 3, 5
Let u = -4703 - -6726. What are the prime factors of u?
7, 17
Suppose -4*q + 5*q = 4. What are the prime factors of 3 - (10/(-20) + (-266)/q)?
2, 5, 7
Let w be -7*(-4 + 50/35). Suppose 4*d - b + 1 - w = 0, 5*d = 3*b + 16. Suppose 0*f - 295 = -d*f. What are the prime factors of f?
59
Suppose -4*g = a + 16, -a + 6*g - g = -29. Let s(q) = 9*q**2 - q + 3. List the prime factors of s(a).
11, 13
Let c be 16/6*(-9)/(-12). Let t(n) = -5*n - 2*n**c + 1 + 4*n**2 + 2*n**2 - 3*n**2. What are the prime factors of t(8)?
5
Suppose 0 = 5*j - 214 + 49. Let r = -31 + j. Suppose 5*y = -r*u + 284, -4*y = y + 5*u - 290. What are the prime factors of y?
2, 7
Suppose i = 4*c + 3308, -i + 3*c + 3423 = 111. What are the prime factors of i?
2, 3, 277
Let r = 308 - -415. List the prime factors of r.
3, 241
Let f be (-4)/8 + 3/2. Suppose -g = 2*h - f, 4*h - 4*g + 2 = -2. Let r = h - -10. What are the prime factors of r?
2, 5
Let n be (-7)/(-3) + 16/24. Suppose -n*j + 7*j = 0. Suppose a + 0*a + 216 = 5*v, j = -4*a - 4. List the prime factors of v.
43
Let l = -734 - -1989. What are the prime factors of l?
5, 251
Let w = 344 - 194. What are the prime factors of w?
2, 3, 5
Let t(q) = -4*q + 11. Let s be t(-13). Let g be (-4)/14 + 144/s. Suppose 54 = 4*r - g*r. List the prime factors of r.
3
Suppose -3*t = -2*j - 0*t + 1185, 0 = -2*j - t + 1165. List the prime factors of j.
3, 5, 13
Suppose 366 = 278*z - 272*z. List the prime factors of z.
61
Let y(v) = v**2 + 18*v + 57. List the prime factors of y(-15).
2, 3
Suppose -2*f - 45 = -1. Let j = 14 + f. What are the prime factors of (-1)/((j/42)/4)?
3, 7
Suppose 5*o + 13*n - 10*n - 17657 = 0, 2*o - 7062 = -2*n. List the prime factors of o.
2, 883
Suppose 1150 + 1550 = 9*d. What are the prime factors of d?
2, 3, 5
Suppose 0 = -4*c + 16, -4*f + c - 4 = -0*f. Suppose -s + f*s + 16 = 0. Suppose -3*u = u + y - s, -u = -5*y + 17. What are the prime factors of u?
3
Let l(a) = -a**3 - 6*a**2 + 13*a - 26. Let j = 54 + -64. What are the prime factors of l(j)?
2, 61
Suppose 447 - 51 = 9*v. Suppose v = 8*l - 228. List the prime factors of l.
2, 17
Suppose 0 = 3*j - 1042 - 1586. List the prime factors of j.
2, 3, 73
Suppose 0 = 2*v - 5*r - 4523, 8*r - 13*r + 5 = 0. What are the prime factors of v?
2, 283
List the prime factors of -4 - (7 - 1780/2).
3, 293
Let u be (-2)/7 + (-340)/(-14). Let k = u + -38. What are the prime factors of 6/14 - 680/k?
7
Let b(p) = 152*p**2 + 7*p - 10. What are the prime factors of b(3)?
7, 197
Let t(h) = -16*h**3 - 14*h**2 - 26*h + 30. What are the prime factors of t(-6)?
2, 3, 523
Let d = 346 + 159. Let v = 757 - d. Suppose -3*u + 3*q = -5*u + 136, 4*u - v = 4*q. What are the prime factors of u?
5, 13
Let g(p) = 16*p**3 + 4*p**2 + 2*p. Let d be g(-2). Let z = -40 - d. What are the prime factors of z?
2, 19
Suppose 31 = -2*f - 3. Let m = f - -70. List the prime factors of m.
53
What are the prime factors of 1 + -1 + (-3900)/(-4) + 1?
2, 61
Suppose 3*p + 3*o = 639 + 213, 2*p = -4*o + 574. What are the prime factors of p?
281
Let r = 5587 - 3181. List the prime factors of r.
2, 3, 401
Let a be (-12)/(-7) - 2/(-7). Suppose 0*v - a*v + 170 = -4*z, z = 5*v - 434. What are the prime factors of v?
3, 29
Suppose 5*p - p = -3*x + 49, -51 = -3*x - 3*p. Let w = -4 + x. List the prime factors of w.
3, 5
Suppose 3*r - 468 = -r. Let f = r - -22. List the prime factors of f.
139
Let v(c) = 14*c**2 - 23*c - 113. What are the prime factors of v(-4)?
7, 29
Let x = 4012 - 2029. List the prime factors of x.
3, 661
Let x(g) = -g + 17. Let t be x(17). Suppose -23*o + 2262 + 4546 = t. List the prime factors of o.
2, 37
Suppose 4*r + 12 = -0*r. List the prime factors of 18 + 2*r/6.
17
Let k = -6 + 16. Let o = 190 + -190. Suppose 6*a - a - k = o. List the prime factors of a.
2
Suppose 0 = 2*r - 0*r - 5*c - 246, 2*c + 476 = 4*r. What are the prime factors of r + 1*(-8)/4*-1?
2, 3, 5
Let l(s) = 86*s. Suppose -19 - 157 = 2*a. Let m(g) = 4*g. Let t(y) = a*m(y) + 4*l(y). What are the prime factors of t(-2)?
2
Suppose 73 + 79 = -8*a. Let u = a - -144. What are the prime factors of u?
5
Suppose -12*r = -13*r + 101. What are the prime factors of r?
101
Let l be 137/1 + (-8)/(-8). Let c be 2/4*(-4 - l). What are the prime factors of (c/(-3))/(10/30)?
71
Let c = 5 - -15. Let v = c + -16. Suppose -80 = -3*z - n, v*z + 3*n - n - 110 = 0. List the prime factors of z.
5
Suppose 0*c - 220 = 4*m + 2*c, 0 = -4*c - 8. Let f be ((-28)/8)/((-1)/22). Let g = m + f. What are the prime factors of g?
23
Let w(y) = -4*y - 3. Let c(d) be the first derivative of 3*d**2/2 + 3*d + 2. Let j(q) = -3*c(q) - 2*w(q). What are the prime factors of j(-6)?
3
Let z be (4/6)/(24/108). What are the prime factors of (-9)/3 + z/((-6)/(-596))?
5, 59
Let f(m) = 4*m**2 - 21*m - 12. Suppose -15*w + 19*w - 36 = 0. List the prime factors of f(w).
3, 41
What are the prime factors of (-2 + 17)/(38/8322)?
3, 5, 73
Let c(n) = -4*n**2 + n + 1. Let o(k) = -k**3 + 6*k**2 + 2*k - 9. Let f be o(6). Let s be c(f). List the prime factors of (s/16)/(2/(-48)).
2, 3
Let m = 28 + -15. Let w = 35 + m. List the prime factors of w.
2, 3
Let f(h) = 3*h**2 + 3*h - 12. Let k be f(7). Suppose 5*n = q + 267, -2*n - n + 2*q = -k. List the prime factors of n.
2, 3
Let j(d) be the first derivative of d**4/4 - 11*d**3/3 + 5*d + 1. Let h be j(11). Suppose -18 = h*y - 133. List the prime factors of y.
23
Let u be ((-28)/(-16) + -2)*-116. Suppose 0*y - a = -y - u, -3*y = -2*a + 88. Let v = y + 47. What are the prime factors of v?
17
Let b = -3851 + 6224. What are the prime factors of b?
3, 7, 113
Suppose 4*l - 271 = -39. Let p = 116 - l. List the prime factors of p.
2, 29
Let q(i) = 24*i**2 - i. Let f be q(-1). Let s = f - 13. List the prime factors of s.
2, 3
Let r(b) = 855*b**2 + 22*b - 22. List the prime factors of r(1).
3, 5, 19
Suppose 4*r - 16 = 0, 2*h + 2*r - 900 = r. What are the prime factors of h?
2, 7
Suppose -20 = 2*k - 28. Suppose -k*z = -2*z - 206. List the prime factors of z.
103
Let s(y) = 45*y - 41. List the prime factors of s(4).
139
Let t = -12 + 17. Suppose -2*r = 4*n + 132, -39 = r - t*n + 20. Let h = r - -118. What are the prime factors of h?
2, 3
Let b(z) = 4*z**3 - 5*z**2 - 6*z + 12. Suppos